{"id":852,"date":"2024-04-24T13:42:23","date_gmt":"2024-04-24T13:42:23","guid":{"rendered":"https:\/\/sailandscience.pl\/?post_type=product&#038;p=852"},"modified":"2024-04-24T13:43:41","modified_gmt":"2024-04-24T13:43:41","slug":"blok-podwojny-40-mm-zircon","status":"publish","type":"product","link":"https:\/\/sailandscience.pl\/index.php\/produkt\/blok-podwojny-40-mm-zircon\/","title":{"rendered":"Blok podw\u00f3jny 40 mm Zircon"},"content":{"rendered":"<p>Numer katalogowy: 2192<\/p>\n<p>\u015arednica rolki: 40 mm<\/p>\n<p>Maksymalna \u015brednica liny: 8 mm<\/p>\n<p>Maksymalne obci\u0105\u017cenie robocze: 230 kg<\/p>\n<p>&nbsp;<\/p>\n<p>Bloki Zircon umo\u017cliwiaj\u0105 natychmiastowe osi\u0105gni\u0119cie wymaganego kszta\u0142tu \u017cagla. Ich istot\u0105 s\u0105 przemys\u0142owe, ceramiczne \u0142o\u017cyska kulkowe u\u0142o\u017cone w koszykach. Konstrukcja koszyka oddziela \u0142o\u017cyska od siebie, aby si\u0119 nie dotyka\u0142y i nie blokowa\u0142y nawzajem. Rezultatem jest najbardziej wydajny blok jaki Harken kiedykolwiek stworzy\u0142. Bloki Zircon dost\u0119pne s\u0105 w rozmiarach 40- i 57mm \u015brednicy rolki, w wersjach pojedynczej i podw\u00f3jnej oraz z zaczepem lub bez.<\/p>\n","protected":false},"excerpt":{"rendered":"<p>Numer katalogowy: 2192 \u015arednica rolki: 40 mm Maksymalna \u015brednica liny: 8 mm Maksymalne obci\u0105\u017cenie robocze: 230 kg &nbsp; Bloki Zircon umo\u017cliwiaj\u0105 natychmiastowe osi\u0105gni\u0119cie wymaganego kszta\u0142tu \u017cagla. Ich istot\u0105 s\u0105 przemys\u0142owe, ceramiczne \u0142o\u017cyska kulkowe u\u0142o\u017cone w koszykach. Konstrukcja koszyka oddziela \u0142o\u017cyska od siebie, aby si\u0119 nie dotyka\u0142y i nie blokowa\u0142y nawzajem. Rezultatem jest najbardziej wydajny blok&hellip;<\/p>\n","protected":false},"featured_media":853,"comment_status":"closed","ping_status":"closed","template":"","meta":{"_monsterinsights_skip_tracking":false,"_monsterinsights_sitenote_active":false,"_monsterinsights_sitenote_note":"","_monsterinsights_sitenote_category":0,"_uf_show_specific_survey":0,"_uf_disable_surveys":false},"product_cat":[16,149],"product_tag":[115,38,150],"class_list":{"0":"post-852","1":"product","2":"type-product","3":"status-publish","4":"has-post-thumbnail","6":"product_cat-wszystkie","7":"product_cat-harken","8":"product_tag-40-mm","9":"product_tag-a-class","10":"product_tag-harken","12":"first","13":"onbackorder","14":"shipping-taxable","15":"purchasable","16":"product-type-simple"},"aioseo_notices":[],"jetpack_sharing_enabled":true,"_links":{"self":[{"href":"https:\/\/sailandscience.pl\/index.php\/wp-json\/wp\/v2\/product\/852","targetHints":{"allow":["GET"]}}],"collection":[{"href":"https:\/\/sailandscience.pl\/index.php\/wp-json\/wp\/v2\/product"}],"about":[{"href":"https:\/\/sailandscience.pl\/index.php\/wp-json\/wp\/v2\/types\/product"}],"replies":[{"embeddable":true,"href":"https:\/\/sailandscience.pl\/index.php\/wp-json\/wp\/v2\/comments?post=852"}],"wp:featuredmedia":[{"embeddable":true,"href":"https:\/\/sailandscience.pl\/index.php\/wp-json\/wp\/v2\/media\/853"}],"wp:attachment":[{"href":"https:\/\/sailandscience.pl\/index.php\/wp-json\/wp\/v2\/media?parent=852"}],"wp:term":[{"taxonomy":"product_cat","embeddable":true,"href":"https:\/\/sailandscience.pl\/index.php\/wp-json\/wp\/v2\/product_cat?post=852"},{"taxonomy":"product_tag","embeddable":true,"href":"https:\/\/sailandscience.pl\/index.php\/wp-json\/wp\/v2\/product_tag?post=852"}],"curies":[{"name":"wp","href":"https:\/\/api.w.org\/{rel}","templated":true}]}}