{"id":322,"date":"2023-11-28T10:20:51","date_gmt":"2023-11-28T10:20:51","guid":{"rendered":"https:\/\/sailandscience.pl\/?post_type=product&#038;p=322"},"modified":"2026-03-12T15:04:11","modified_gmt":"2026-03-12T15:04:11","slug":"summer-long-john-15-mm","status":"publish","type":"product","link":"https:\/\/sailandscience.pl\/index.php\/produkt\/summer-long-john-15-mm\/","title":{"rendered":"Summer Long John 1,5 mm"},"content":{"rendered":"<p>Pianka neoprenowa na ciep\u0142e dni. Perforowany neopren zapewnia niezast\u0105pion\u0105 rozci\u0105gliwo\u015b\u0107 i transfer powietrza.<\/p>\n<p>Technologia WIP INSIDE,\u00a0 w kluczowych miejscach umieszczone s\u0105 wzmocnienia z termoformowalnego materia\u0142u, kt\u00f3re zwi\u0119kszaj\u0105 ochron\u0119 przy uderzeniach.<\/p>\n<p>Pokryte gum\u0105 kolana zwi\u0119kszaj\u0105 \u017cywotno\u015b\u0107 pianki i polepszaj\u0105 grip.<\/p>\n<p>Wzmocnione panele dla lepszej wytrzyma\u0142o\u015bci na kolanach i siedzeniu.<\/p>\n<p>Dyskretny i funkcjonalny rozporek.<\/p>\n<p><img loading=\"lazy\" decoding=\"async\" class=\"alignnone size-medium wp-image-335\" src=\"http:\/\/sailandscience.pl\/wp-content\/uploads\/2023\/11\/WIP-SIZE-CHART-MEN-300x156.jpg\" alt=\"\" width=\"300\" height=\"156\" srcset=\"https:\/\/sailandscience.pl\/wp-content\/uploads\/2023\/11\/WIP-SIZE-CHART-MEN-300x156.jpg 300w, https:\/\/sailandscience.pl\/wp-content\/uploads\/2023\/11\/WIP-SIZE-CHART-MEN-1024x533.jpg 1024w, https:\/\/sailandscience.pl\/wp-content\/uploads\/2023\/11\/WIP-SIZE-CHART-MEN-768x400.jpg 768w, https:\/\/sailandscience.pl\/wp-content\/uploads\/2023\/11\/WIP-SIZE-CHART-MEN-1536x800.jpg 1536w, https:\/\/sailandscience.pl\/wp-content\/uploads\/2023\/11\/WIP-SIZE-CHART-MEN-600x312.jpg 600w, https:\/\/sailandscience.pl\/wp-content\/uploads\/2023\/11\/WIP-SIZE-CHART-MEN.jpg 1729w\" sizes=\"auto, (max-width: 300px) 100vw, 300px\" \/><\/p>\n","protected":false},"excerpt":{"rendered":"<p>Pianka neoprenowa na ciep\u0142e dni. Perforowany neopren zapewnia niezast\u0105pion\u0105 rozci\u0105gliwo\u015b\u0107 i transfer powietrza. Technologia WIP INSIDE,\u00a0 w kluczowych miejscach umieszczone s\u0105 wzmocnienia z termoformowalnego materia\u0142u, kt\u00f3re zwi\u0119kszaj\u0105 ochron\u0119 przy uderzeniach. Pokryte gum\u0105 kolana zwi\u0119kszaj\u0105 \u017cywotno\u015b\u0107 pianki i polepszaj\u0105 grip. Wzmocnione panele dla lepszej wytrzyma\u0142o\u015bci na kolanach i siedzeniu. Dyskretny i funkcjonalny rozporek.<\/p>\n","protected":false},"featured_media":323,"comment_status":"open","ping_status":"closed","template":"","meta":{"_monsterinsights_skip_tracking":false,"_monsterinsights_sitenote_active":false,"_monsterinsights_sitenote_note":"","_monsterinsights_sitenote_category":0,"_uf_show_specific_survey":0,"_uf_disable_surveys":false},"product_cat":[16,22,27],"product_tag":[63,65,64],"class_list":{"0":"post-322","1":"product","2":"type-product","3":"status-publish","4":"has-post-thumbnail","6":"product_cat-wszystkie","7":"product_cat-forward-wip","8":"product_cat-pianki","9":"product_tag-forward-wip","10":"product_tag-long-john","11":"product_tag-pianka","13":"first","14":"instock","15":"sale","16":"shipping-taxable","17":"purchasable","18":"product-type-variable","19":"has-default-attributes"},"aioseo_notices":[],"jetpack_sharing_enabled":true,"_links":{"self":[{"href":"https:\/\/sailandscience.pl\/index.php\/wp-json\/wp\/v2\/product\/322","targetHints":{"allow":["GET"]}}],"collection":[{"href":"https:\/\/sailandscience.pl\/index.php\/wp-json\/wp\/v2\/product"}],"about":[{"href":"https:\/\/sailandscience.pl\/index.php\/wp-json\/wp\/v2\/types\/product"}],"replies":[{"embeddable":true,"href":"https:\/\/sailandscience.pl\/index.php\/wp-json\/wp\/v2\/comments?post=322"}],"wp:featuredmedia":[{"embeddable":true,"href":"https:\/\/sailandscience.pl\/index.php\/wp-json\/wp\/v2\/media\/323"}],"wp:attachment":[{"href":"https:\/\/sailandscience.pl\/index.php\/wp-json\/wp\/v2\/media?parent=322"}],"wp:term":[{"taxonomy":"product_cat","embeddable":true,"href":"https:\/\/sailandscience.pl\/index.php\/wp-json\/wp\/v2\/product_cat?post=322"},{"taxonomy":"product_tag","embeddable":true,"href":"https:\/\/sailandscience.pl\/index.php\/wp-json\/wp\/v2\/product_tag?post=322"}],"curies":[{"name":"wp","href":"https:\/\/api.w.org\/{rel}","templated":true}]}}