{"id":182,"date":"2023-11-22T17:35:40","date_gmt":"2023-11-22T17:35:40","guid":{"rendered":"https:\/\/sailandscience.pl\/?post_type=product&#038;p=182"},"modified":"2026-01-15T13:00:59","modified_gmt":"2026-01-15T13:00:59","slug":"impact-vest-50n","status":"publish","type":"product","link":"https:\/\/sailandscience.pl\/index.php\/produkt\/impact-vest-50n\/","title":{"rendered":"Impact Vest 50N"},"content":{"rendered":"<p>Najpopularniejszy Impact Vest na \u015bwiecie. Niewielka obj\u0119to\u015b\u0107 i przemy\u015blana konstrukcja.<\/p>\n<p>Wybierana przez najlepsze teamy na \u015bwiecie (Puchar Ameryki, Sail GP, 69F i wiele innych) jako najlepsza kamizelka asekuracyjna 50N.<\/p>\n<p>Zosta\u0142a stworzona z my\u015bl\u0105 o bezpiecze\u0144stwie przy podczas kontaktu z wod\u0105 przy du\u017cych pr\u0119dko\u015bciach. Najcz\u0119\u015bciej u\u017cywana do Wind- , Kite-, Wing- foila.<\/p>\n<p>Specjalne paski neoprenowe &#8220;grip strips&#8221; umieszczone po wewn\u0119trznej stronie kamizelki zapobiegaj\u0105 jej przesuwaniu si\u0119 do g\u00f3ry.<\/p>\n<p>Zapewnia swobod\u0119 ruchu dzi\u0119ki du\u017cym otworom na r\u0119ce i dw\u00f3m regulowanym paskom na klatce.<\/p>\n<p>Kamizelka zosta\u0142a zaprojektowana z my\u015bl\u0105 o u\u017cyciu jej razem z pasami trapezowymi (\u017ceglarskimi, kite&#8217;owymi i widsurfingowymi). Materia\u0142 wyporno\u015bciowy jest umieszczony w g\u00f3rnej cz\u0119\u015bci.<\/p>\n<p>Posiada 5 kieszeni w r\u00f3\u017cnych rozmiarach:<\/p>\n<ul>\n<li>Du\u017ca kiesze\u0144 z przodu, zamykana zamkiem b\u0142yskawicznym<\/li>\n<li>Kiesze\u0144 w panelu tylnym na rzep<\/li>\n<li>Kiesze\u0144 na ramieniu (do mocowania systemu komunikacji, lub ustnik do butli bezpiecze\u0144stwa)<\/li>\n<li>Kiesze\u0144 na n\u00f3\u017c z przodu (<a href=\"https:\/\/sailandscience.pl\/index.php\/produkt\/safety-knife-noz-bezpieczenstwa\/\">Safety knife<\/a>)<\/li>\n<li>Dedykowana kiesze\u0144 na szybki przecinak do lin (<a href=\"https:\/\/sailandscience.pl\/index.php\/produkt\/safety-cutter\/\">Safety cutter<\/a>)<\/li>\n<\/ul>\n<p><img loading=\"lazy\" decoding=\"async\" class=\"alignnone size-medium wp-image-212\" src=\"http:\/\/sailandscience.pl\/wp-content\/uploads\/2023\/11\/wip-vest-size-chart-300x207.png\" alt=\"\" width=\"300\" height=\"207\" srcset=\"https:\/\/sailandscience.pl\/wp-content\/uploads\/2023\/11\/wip-vest-size-chart-300x207.png 300w, https:\/\/sailandscience.pl\/wp-content\/uploads\/2023\/11\/wip-vest-size-chart-768x529.png 768w, https:\/\/sailandscience.pl\/wp-content\/uploads\/2023\/11\/wip-vest-size-chart-600x413.png 600w, https:\/\/sailandscience.pl\/wp-content\/uploads\/2023\/11\/wip-vest-size-chart.png 835w\" sizes=\"auto, (max-width: 300px) 100vw, 300px\" \/><\/p>\n","protected":false},"excerpt":{"rendered":"<p>Najpopularniejszy Impact Vest na \u015bwiecie. Niewielka obj\u0119to\u015b\u0107 i przemy\u015blana konstrukcja. Wybierana przez najlepsze teamy na \u015bwiecie (Puchar Ameryki, Sail GP, 69F i wiele innych) jako najlepsza kamizelka asekuracyjna 50N. Zosta\u0142a stworzona z my\u015bl\u0105 o bezpiecze\u0144stwie przy podczas kontaktu z wod\u0105 przy du\u017cych pr\u0119dko\u015bciach. Najcz\u0119\u015bciej u\u017cywana do Wind- , Kite-, Wing- foila. Specjalne paski neoprenowe &#8220;grip&hellip;<\/p>\n","protected":false},"featured_media":186,"comment_status":"open","ping_status":"closed","template":"","meta":{"_monsterinsights_skip_tracking":false,"_monsterinsights_sitenote_active":false,"_monsterinsights_sitenote_note":"","_monsterinsights_sitenote_category":0,"_uf_show_specific_survey":0,"_uf_disable_surveys":false},"product_cat":[16,22,26],"product_tag":[66,68,67,59,69,70],"class_list":{"0":"post-182","1":"product","2":"type-product","3":"status-publish","4":"has-post-thumbnail","6":"product_cat-wszystkie","7":"product_cat-forward-wip","8":"product_cat-kamizelki","9":"product_tag-forwardwip","10":"product_tag-impact-vest","11":"product_tag-kamizelka","12":"product_tag-kite-foil","13":"product_tag-wind-foil","14":"product_tag-wing-foil","16":"first","17":"instock","18":"sale","19":"shipping-taxable","20":"purchasable","21":"product-type-variable","22":"has-default-attributes"},"aioseo_notices":[],"jetpack_sharing_enabled":true,"_links":{"self":[{"href":"https:\/\/sailandscience.pl\/index.php\/wp-json\/wp\/v2\/product\/182","targetHints":{"allow":["GET"]}}],"collection":[{"href":"https:\/\/sailandscience.pl\/index.php\/wp-json\/wp\/v2\/product"}],"about":[{"href":"https:\/\/sailandscience.pl\/index.php\/wp-json\/wp\/v2\/types\/product"}],"replies":[{"embeddable":true,"href":"https:\/\/sailandscience.pl\/index.php\/wp-json\/wp\/v2\/comments?post=182"}],"wp:featuredmedia":[{"embeddable":true,"href":"https:\/\/sailandscience.pl\/index.php\/wp-json\/wp\/v2\/media\/186"}],"wp:attachment":[{"href":"https:\/\/sailandscience.pl\/index.php\/wp-json\/wp\/v2\/media?parent=182"}],"wp:term":[{"taxonomy":"product_cat","embeddable":true,"href":"https:\/\/sailandscience.pl\/index.php\/wp-json\/wp\/v2\/product_cat?post=182"},{"taxonomy":"product_tag","embeddable":true,"href":"https:\/\/sailandscience.pl\/index.php\/wp-json\/wp\/v2\/product_tag?post=182"}],"curies":[{"name":"wp","href":"https:\/\/api.w.org\/{rel}","templated":true}]}}