{"id":15,"date":"2023-11-14T08:03:28","date_gmt":"2023-11-14T08:03:28","guid":{"rendered":"https:\/\/sailandscience.pl\/?page_id=15"},"modified":"2023-12-06T14:28:20","modified_gmt":"2023-12-06T14:28:20","slug":"kontakt","status":"publish","type":"page","link":"https:\/\/sailandscience.pl\/index.php\/kontakt\/","title":{"rendered":"Kontakt"},"content":{"rendered":"<p><strong>Tymoteusz Bendyk Sail &amp; Science<\/strong><\/p><p>ul. \u015awi\u0119tope\u0142ka 45<\/p><p>81-524 Gdynia<\/p><p>NIP: 586-226-52-42<\/p><p>REGON: 364580231<\/p><p>mail: <a href=\"mailto:sailandscience@gmail.com\">sailandscience@gmail.com<\/a><\/p><p><\/p><p>Tymoteusz Bendyk- dwukrotny medalista Mistrzostw \u015awiata (A-class), wielokrotny mistrz Polski (A-class, F-18, OPEN, ORC), Przez wiele lat zaanga\u017cowany w rozw\u00f3j klasy A, wsp\u00f3\u0142pracowa\u0142 z najwi\u0119kszym<\/p><figure class=\"wp-block-image size-large\"><img loading=\"lazy\" decoding=\"async\" width=\"1024\" height=\"680\" src=\"https:\/\/sailandscience.pl\/wp-content\/uploads\/2023\/12\/64462585_2179763895476379_3904591452109275136_o-1024x680.jpg\" alt=\"\" class=\"wp-image-549\" srcset=\"https:\/\/sailandscience.pl\/wp-content\/uploads\/2023\/12\/64462585_2179763895476379_3904591452109275136_o-1024x680.jpg 1024w, https:\/\/sailandscience.pl\/wp-content\/uploads\/2023\/12\/64462585_2179763895476379_3904591452109275136_o-300x199.jpg 300w, https:\/\/sailandscience.pl\/wp-content\/uploads\/2023\/12\/64462585_2179763895476379_3904591452109275136_o-768x510.jpg 768w, https:\/\/sailandscience.pl\/wp-content\/uploads\/2023\/12\/64462585_2179763895476379_3904591452109275136_o-600x398.jpg 600w, https:\/\/sailandscience.pl\/wp-content\/uploads\/2023\/12\/64462585_2179763895476379_3904591452109275136_o.jpg 1250w\" sizes=\"auto, (max-width: 1024px) 100vw, 1024px\" \/><\/figure><figure class=\"wp-block-image size-large\"><img loading=\"lazy\" decoding=\"async\" width=\"1024\" height=\"683\" src=\"https:\/\/sailandscience.pl\/wp-content\/uploads\/2023\/12\/69087707_725759941192031_7833304845007192064_o-1024x683.jpg\" alt=\"\" class=\"wp-image-550\" srcset=\"https:\/\/sailandscience.pl\/wp-content\/uploads\/2023\/12\/69087707_725759941192031_7833304845007192064_o-1024x683.jpg 1024w, https:\/\/sailandscience.pl\/wp-content\/uploads\/2023\/12\/69087707_725759941192031_7833304845007192064_o-300x200.jpg 300w, https:\/\/sailandscience.pl\/wp-content\/uploads\/2023\/12\/69087707_725759941192031_7833304845007192064_o-768x512.jpg 768w, https:\/\/sailandscience.pl\/wp-content\/uploads\/2023\/12\/69087707_725759941192031_7833304845007192064_o-600x400.jpg 600w, https:\/\/sailandscience.pl\/wp-content\/uploads\/2023\/12\/69087707_725759941192031_7833304845007192064_o.jpg 1500w\" sizes=\"auto, (max-width: 1024px) 100vw, 1024px\" \/><\/figure>","protected":false},"excerpt":{"rendered":"<p>Tymoteusz Bendyk Sail &amp; Science ul. \u015awi\u0119tope\u0142ka 45 81-524 Gdynia NIP: 586-226-52-42 REGON: 364580231 mail: sailandscience@gmail.com Tymoteusz Bendyk- dwukrotny medalista Mistrzostw \u015awiata (A-class), wielokrotny mistrz Polski (A-class, F-18, OPEN, ORC), Przez wiele lat zaanga\u017cowany w rozw\u00f3j klasy A, wsp\u00f3\u0142pracowa\u0142 z najwi\u0119kszym<\/p>\n","protected":false},"author":1,"featured_media":0,"parent":0,"menu_order":0,"comment_status":"closed","ping_status":"closed","template":"","meta":{"_monsterinsights_skip_tracking":false,"_monsterinsights_sitenote_active":false,"_monsterinsights_sitenote_note":"","_monsterinsights_sitenote_category":0,"_uf_show_specific_survey":0,"_uf_disable_surveys":false,"footnotes":""},"class_list":["post-15","page","type-page","status-publish","hentry"],"aioseo_notices":[],"jetpack_sharing_enabled":true,"_links":{"self":[{"href":"https:\/\/sailandscience.pl\/index.php\/wp-json\/wp\/v2\/pages\/15","targetHints":{"allow":["GET"]}}],"collection":[{"href":"https:\/\/sailandscience.pl\/index.php\/wp-json\/wp\/v2\/pages"}],"about":[{"href":"https:\/\/sailandscience.pl\/index.php\/wp-json\/wp\/v2\/types\/page"}],"author":[{"embeddable":true,"href":"https:\/\/sailandscience.pl\/index.php\/wp-json\/wp\/v2\/users\/1"}],"replies":[{"embeddable":true,"href":"https:\/\/sailandscience.pl\/index.php\/wp-json\/wp\/v2\/comments?post=15"}],"version-history":[{"count":3,"href":"https:\/\/sailandscience.pl\/index.php\/wp-json\/wp\/v2\/pages\/15\/revisions"}],"predecessor-version":[{"id":551,"href":"https:\/\/sailandscience.pl\/index.php\/wp-json\/wp\/v2\/pages\/15\/revisions\/551"}],"wp:attachment":[{"href":"https:\/\/sailandscience.pl\/index.php\/wp-json\/wp\/v2\/media?parent=15"}],"curies":[{"name":"wp","href":"https:\/\/api.w.org\/{rel}","templated":true}]}}